3. What is the units digit of l?
9
Let c(r) = -1 + r**3 - 3*r**2 + 4 + 11*r**2 - 9*r. Let i be (-144)/15 - 21/(-35). What is the units digit of c(i)?
3
What is the units digit of 3/(-6)*(-4 + -16)?
0
Let i(j) = 3 + 5 - 3 - 2*j + 3*j. Let k be i(-6). What is the tens digit of (-2)/k - (-60)/5?
1
Let q(c) be the second derivative of 7/6*c**3 - 3/2*c**2 + 0 + 1/20*c**5 - c - 7/12*c**4. What is the units digit of q(6)?
3
Let p be (-64)/24*81/(-4). Suppose 4*g - g = p. What is the units digit of g?
8
Let m(l) = 2*l - 2. Let y be (1 - 1) + (-7 - -4). Let i = y - -6. What is the units digit of m(i)?
4
Suppose 4*f - 356 = 352. What is the hundreds digit of f?
1
Let p(k) = k**2 + k + 35. What is the units digit of p(0)?
5
Let x be 0 - (-1 + 17)/(-2). Suppose x = 5*a - 12. What is the units digit of a?
4
Let i(s) = -s**3 - 3*s**2 - 2*s - 2. Let c = 7 - 10. Let l be i(c). Let o(b) = -b**2 + 7*b - 4. What is the units digit of o(l)?
8
Let r(z) = z**3 - 5*z**2 + 6*z - 1. Let q(k) = k**3 + 3*k**2 - k - 2. Let b be q(-2). What is the units digit of r(b)?
7
Let c(p) = p. Suppose -f - 4*f = 0. Suppose 3*j + i + 0*i - 8 = 0, f = -2*j + i + 2. What is the units digit of c(j)?
2
Suppose 5*y - 3*y - 152 = 0. What is the tens digit of y?
7
Suppose -4*p = -10*p + 1242. What is the units digit of p?
7
Let n be (-18)/24 + (-63)/(-4). Suppose -1 = -4*x + n. What is the units digit of x?
4
Suppose 15 = -4*t - 61. Let c = 40 + t. What is the tens digit of c?
2
Let u = -1 - -4. Suppose -8 - 13 = -3*c - r, -30 = -u*c - 4*r. What is the units digit of c?
6
Let l(k) = k**2 - 4*k + 11. What is the tens digit of l(11)?
8
Let g = 300 + -198. What is the hundreds digit of g?
1
Let r be (-327)/(-13) - 2/13. Suppose 2 = 4*b + 2*t, 2*b + 2*b + 3*t = -3. Suppose b*u = -2*u + r. What is the units digit of u?
5
Let m be (-4 - -3)*(1 - 2). Let g be 2/(-2) + m + 0. Suppose -2*a = g, 4*a = 2*h - 5*h + 6. What is the units digit of h?
2
Let p(h) be the third derivative of -h**5/30 + h**3/3 - 3*h**2. Let y(j) be the first derivative of p(j). What is the units digit of y(-2)?
8
Suppose 0*u - 119 = -u. What is the units digit of u?
9
Let r(j) = 18*j + 3. Let i be r(-2). What is the units digit of 6/(-8)*(-7 + i)?
0
Let t = 39 - 37. What is the units digit of t?
2
Suppose 2*x + 1 = -1. Let v(r) = 2*r + 1. Let j be v(x). What is the units digit of j + -3 + 2 + 9?
7
Let p(r) = r**2 + 4*r - 4. What is the tens digit of p(3)?
1
Let g(x) = x**3 + 5*x**2 - 2*x. Let k be g(-5). Let n = 10 - 5. Suppose k + 0 = n*o. What is the units digit of o?
2
What is the units digit of 4/((-16)/(-100))*(5 - 0)?
5
What is the units digit of (-15)/9 + (-190)/(-15)?
1
Let o be 2*3/(-6) + 11. Suppose o*z - 5*z - 15 = 0. Let n = z + 2. What is the units digit of n?
5
Let b = 6 - 4. What is the units digit of 30*(b - 6/4)?
5
What is the hundreds digit of 1677/26*6*1?
3
What is the tens digit of (-10 + 1)*(-44)/6?
6
Let w = 9 - -3. What is the tens digit of w?
1
Let b be -9*((-8)/(-3) + -3). Suppose 35 = 2*v + b*v. What is the units digit of v?
7
Suppose -4*a - 20 = r, a + 4*r = -3 - 2. Let o(m) = -4*m + 5. What is the units digit of o(a)?
5
Suppose 3*h = g + 122 + 163, 0 = 3*g + 9. What is the tens digit of h?
9
Let s(p) = p - 5. Let l be s(8). Suppose -3*i - 2*i = -l*n + 61, 0 = 4*n + i - 66. What is the units digit of n?
7
Let g(z) = z - 4. Let f be g(6). Suppose f*l + 5*t + 1 = 31, -3*t + 27 = 3*l. What is the units digit of l?
5
Suppose j - 3*b - 156 = 0, -4*j + 7*j - b - 436 = 0. What is the tens digit of j?
4
Let c = 3 + -2. Let z be 3 - 2 - 3 - -2. Let q = c + z. What is the units digit of q?
1
Let t(r) = 25*r**3 + r - 1. Let x be t(1). Let m = x - -28. What is the units digit of m?
3
Let y = 3 + 2. Suppose 8 = u - y. What is the units digit of u?
3
Let k be (168/5)/((-9)/(-45)). Let h = k - 111. What is the units digit of h?
7
Let l(d) = -11*d - 15. Let n(p) = -5*p - 7. Let a(s) = 6*l(s) - 13*n(s). What is the units digit of a(-1)?
2
Let u(s) = 5*s**3 - 11*s**2 + 5*s - 4. What is the units digit of u(4)?
0
Let d(u) = -u**3 + 5*u**2 + 7*u - 6. Let w be d(6). Let p(j) = 3*j + w - j**3 + 1 - j**2 - 5. What is the units digit of p(-3)?
5
Let f(t) = -t**3 - 6*t**2 - 7*t - 3. Let s be 1/1 + 30/(-5). What is the units digit of f(s)?
7
Suppose -4*n - 1592 = -12*n. What is the tens digit of n?
9
Let u(k) = k**2 + 5*k + 5. What is the units digit of u(-6)?
1
Let k = -22 + 24. Suppose k*m + m = -a + 21, -a + 2*m = -31. What is the units digit of a?
7
Suppose 4 = 5*n - 11. Suppose 2*d - 36 = -4*s, -n = s - 3*d + 2. What is the units digit of s?
7
Let p = -3 + 3. Suppose -q + 1 + 4 = p. Suppose 2*h - 3*h = 4*k - 27, -q*k + 11 = -2*h. What is the units digit of h?
7
Let d = 7 - 5. Suppose 6*h - 124 = d*h. What is the units digit of h?
1
Suppose 215 = 7*x - 772. What is the units digit of x?
1
Let u = -183 - -309. What is the hundreds digit of u?
1
Suppose 0*d + 50 = 2*d. What is the tens digit of d?
2
Let k(l) = -l**3 + 4*l**2 + 2*l. Let a be k(5). Let g(p) = -2*p - 12. What is the tens digit of g(a)?
1
Suppose -3*f = 2*w + f - 40, -2*w = -3*f - 26. What is the units digit of w?
6
Let p be -6*(2/3)/(-1). What is the units digit of ((-6)/p)/((-36)/48)?
2
Let o = 1 + -3. What is the units digit of (-15)/(-10) - o/4?
2
Suppose -2*f - 175 = -3*d - 6*f, -d + 45 = -2*f. What is the units digit of d?
3
Suppose 10 = 3*k - 2. Suppose -g + 60 = k*g. What is the units digit of g?
2
What is the units digit of 2 - (-5)/((-30)/(-18))?
5
What is the tens digit of (-1)/(-2) - (20140/8)/(-19)?
3
Suppose -10 + 42 = 2*i. Let f = 22 - i. What is the units digit of f?
6
Suppose 0*t = 2*t + p - 60, -t + 44 = -3*p. Suppose -5*u - 77 = -t. What is the units digit of 1/(-3) - 12/u?
1
Suppose 2*k + t - 24 = -4*t, 4*k = -3*t + 48. Let u be -1*(0 - -1 - 0). Let w = u + k. What is the units digit of w?
1
Suppose 4*z - 4 = -4*t, 3*z - 5*t + 5 = -0*z. Suppose r - 6*r + 10 = z. What is the units digit of r?
2
Suppose 2*g - 92 = -2*u, 4*g - 3*u - 82 = 102. Let h be 74/16 - (-48)/128. Suppose -h*r = 6 - g. What is the units digit of r?
8
Let c(q) be the first derivative of q**2/2 + 4*q + 2. What is the units digit of c(3)?
7
Let d(g) be the second derivative of 3*g**4/4 + g**3/6 - 2*g. What is the tens digit of d(1)?
1
Suppose 0*y - 6*y + 204 = 0. What is the units digit of y?
4
Let k = -6 + -6. Let o be ((-3)/6)/(1/k). Suppose o*v - 28 = 2*v. What is the units digit of v?
7
What is the tens digit of (-38)/14 - -3 - (-9606)/42?
2
Let d = 19 - 5. Let u = d - 23. What is the units digit of -1*-1*u/(-1)?
9
Let g be 40 - (-1 - -1)/2. Let d(c) = -3*c - 10. Let t be d(-4). Suppose t*y + 2*y = -k + 17, -5*k + g = 5*y. What is the units digit of y?
3
Suppose b - h = 6, -2*b - b + 4*h + 18 = 0. Suppose -5*g + b - 1 = 0. What is the units digit of g?
1
Let l = -7 + 10. Let k = 4 - l. What is the units digit of k?
1
Suppose 0 = -2*t, 2*n = -0*n - 4*t + 18. Let o = 17 + n. Let a = o + -18. What is the units digit of a?
8
Let n be (-80)/(-15)*(1 - -2). Suppose 0 = -0*p + p - n. What is the tens digit of p?
1
Suppose 0 = -3*w + 3*s + 228, -4*w - s + 453 = 169. What is the units digit of w?
2
Suppose -2*l = -l - 9. Suppose -4*g = -3*i + 5 + 26, 5*i - l = -4*g. Suppose i + 23 = 4*p. What is the units digit of p?
7
Let o be ((-8)/10)/((-4)/(-20)). Let r = 17 + o. What is the tens digit of r?
1
Let h = 170 - 141. What is the units digit of h?
9
Suppose 5*l - 176 = -w, 0 = w - 2*w - 3*l + 168. Suppose h = -2*h + w. Suppose 4*f = -0*f + h. What is the units digit of f?
3
Let s be 5*-6*12/(-45). Suppose -s*y + 10 = -3*y. Suppose m - 8 = -5*i, -y*m = 2*i - 3*m + 1. What is the units digit of i?
1
Suppose -9 + 0 = -3*x, 5*x + 203 = -2*n. Let m = -14 - n. Suppose 0*d + m = 5*d. What is the units digit of d?
9
Let o = 53 + -24. What is the tens digit of o?
2
Suppose q - 6*q = -2*z - 193, 3*q - 2*z - 119 = 0. What is the tens digit of q?
3
Suppose 838 = 3*w - 3*i + 2*i, 561 = 2*w - 3*i. What is the tens digit of w?
7
Let i be ((-8)/16)/((-2)/176). Suppose i = -o + 3*o. What is the units digit of o?
2
Suppose 0*u - u - 7 = 5*b, 2*u - 4 = -b. Suppose 9 = -q + 5*x + u, x + 52 = 4*q. What is the units digit of q?
4
Let v = 0 + 1. Let n(z) = z**2 + 3. Let m be n(0). Let w = m - v. Wh